 be the third derivative of -1/24*r**4 + 5/6*r**3 + 0*r + 0 + 276*r**2. Suppose -4*v + 5*v = 0. Give j(v).
5
Let w(u) = 8*u**3 + u - 2. Suppose 368*k = 424*k + 112. What is w(k)?
-68
Let q(k) = 2*k**2 - 20*k - 2. Let s be q(10). Let n(p) = 2*p**3 + 3*p**2 + 8*p + 2. Let c(w) = w**3 + w**2 + 2*w + 1. Let z(t) = -4*c(t) + n(t). Give z(s).
10
Let r(m) = 14*m - 3. Let l(c) = 62*c - 10. Let y(z) = 2*l(z) - 9*r(z). Give y(8).
-9
Let q(j) = -219 + 212 - 711*j + 724*j + j**2. Give q(-12).
-19
Let a be (-70)/(-70) + (1 - -1). Let z(k) = 2*k**2 - 9*k - 11*k - 11*k + 30*k - a*k**2 + 1. What is z(-4)?
-11
Suppose -96 = -i + 5*i. Let j be (1/(-2))/(3/i). Let m(r) = -7*r - 1 + 5*r - 8 + j*r. Give m(6).
3
Let x(v) = 10*v - 111. Let m(k) = 29*k - 348. Let r(t) = -4*m(t) + 11*x(t). Give r(29).
-3
Suppose -31*a - 102 = -32*a. Suppose -3*r + 84 = 378. Let n = r + a. Let y(s) = s. Give y(n).
4
Let i(r) be the second derivative of r**5/10 + 19*r**4/6 - r**3/6 + r**2/2 - r + 1868. Give i(-19).
20
Let a = -1177 - -3532/3. Let o(r) be the first derivative of 3*r - 1/2*r**2 - 1 - a*r**3. Determine o(-3).
-3
Let y(s) be the third derivative of s**5/60 - s**4/6 - 5*s**3/6 - 27*s**2 - 7*s. Suppose -4*o = 5*f - 34, 2*o - 4*f + 2 - 6 = 0. What is y(o)?
7
Let x(k) = -k**3 + 17*k**2 - 29*k - 4. Let i(d) = 2*d**3 - 37*d**2 + 19*d - 3. Let n be i(18). Give x(n).
11
Suppose 181*o - 188*o = -7. Let d(n) = 13 + 3*n - 13 + o + 0*n - n. Let p = 12 + -6. Calculate d(p).
13
Let f(p) = -7*p + 3*p - p - 5 + 13 + 6*p. Let o = 14 + -26. Determine f(o).
-4
Let y(v) = -v**3 - 14*v**2 - 35*v - 11. Let x(p) = 21*p - 935. Let b be x(44). Determine y(b).
11
Let m(c) = 6*c - 32. Let h be 31/4 + (3 - (-60)/(-16)). Give m(h).
10
Let y(l) = -33*l**2 + 87*l + 33. Let h be y(3). Let w(m) = -1 + m**2 + m - m. What is w(h)?
8
Let a(l) = 11*l + 2. Let v(y) = 27*y + 5. Let i(d) = -5*a(d) + 2*v(d). Suppose 10*j + 77 = 17. Determine i(j).
6
Let u be (-10076)/(-3206) + (-1)/(-1) + 2/(-14). Let h(y) = y**3 - 4*y**2 + 2*y + 2. Give h(u).
10
Let x(r) = -5*r**2 - 3*r - 1. Suppose -16*y + 68 + 12 = 0. Suppose -7*u + 7 = -3*u - 3*h, -y*h = -u + 23. Give x(u).
-15
Let y(i) be the first derivative of i**3/3 - 7*i**2 + 43*i + 694. Determine y(10).
3
Let v(p) = 5*p**2 + 4*p + 0*p - p**3 - p**2 - 4. Let s = -484 + 209. Let n = 279 + s. What is v(n)?
12
Let a(g) = -6*g**2 - 16*g - 7. Let w be a(-3). Let k(c) = 11*c + 4. Calculate k(w).
-139
Let z be 9 - 3 - (5 - 4). Let d(t) = 4*t**3 - 2*t**2 + 4*t - 3. Let i be d(1). Suppose 3*k + i*w = 18, -4*w = -z*k + 2*k - 10. Let m(y) = 9*y + 2. Give m(k).
20
Let f(w) be the first derivative of 5*w**2/2 + 57*w - 4650. Calculate f(-18).
-33
Let u(y) = -y**2 + 17*y + 14. Let c be 3680/288 - (-3 - 75/(-27)). Calculate u(c).
66
Suppose 373 = -2*p + q, 55 = -3*p - 5*q - 511. Let z = p + 193. Let t(s) = -s**2 + 8*s - 2. Determine t(z).
10
Let s(m) = -10*m**2 - 6*m - 4. Let q be s(-1). Suppose -3*z + 3 + 18 = 0. Let v(i) = 5*i**2 + 4*i**2 - 3 + z*i - 5 + 3 + i**3. What is v(q)?
3
Let c = 2681 + -2685. Let g(i) be the first derivative of -i**2/2 - 5*i - 5. Calculate g(c).
-1
Let t(l) = l**2 + l + 1. Let o(v) = 11*v - 94. Let b be o(9). Suppose 0 = -b*s + 5*j - 15, -3*j - 5 = -5*s - 8*j. Determine t(s).
1
Let d = -71 - -101. Suppose 0 = 3*a + d - 33. Let l be (-1 + -3 + 4)/a - -1. Let i(h) = -15*h**2 - h. What is i(l)?
-16
Let b(r) = 2*r**2 + 2*r - 6. Suppose -3*s - 16 = m - 3*m, -2*s = -5*m - 4. Let v(n) = 5*n**2 + 6*n - 16. Let l(g) = s*b(g) + 3*v(g). What is l(2)?
0
Let h(z) = z**3 - z**2 - 7*z + 5. Let y = -3364 - -3366. Calculate h(y).
-5
Suppose 27*v = 38*v - 88. Let n(j) = 232*j**2 - 227*j**2 - j**3 + 6*j + 1 - v*j. Calculate n(5).
-9
Let v be 5*(2 + (-24)/10). Let m(y) = -y + 1. Let a(z) be the first derivative of z**2/2 + 2*z - 133. Let s(t) = 2*a(t) - 2*m(t). Calculate s(v).
-6
Let g(z) = -5*z. Let x(m) = -4*m - 5. Let s(d) = -6*d - 7. Let w(b) = -5*s(b) + 7*x(b). Let c(v) = g(v) + 5*w(v). Suppose -8 = -a - 7. Determine c(a).
5
Let i = 191 + -188. Let p(d) = 7*d**3 + 8*d**2 - 4*d - 2. Let u(y) = 4*y**3 + 4*y**2 - 3*y - 1. Let n(l) = i*p(l) - 5*u(l). Determine n(-3).
-1
Let o(x) be the second derivative of 1/12*x**4 - 5*x**2 + 4 - 48*x + 1/2*x**3. What is o(-7)?
18
Let d(x) = 26*x + 10. Suppose 4*l = 12, 2*s - s + 4*l - 9 = 0. Let o(y) = -5*y - 2. Let u(a) = s*d(a) - 16*o(a). Suppose 0 = -2*z + 21 - 27. What is u(z)?
-4
Suppose 0*c - 3*c + 5*d + 10 = 0, -5*c = -5*d. Let o(s) be the third derivative of -s**5/60 - s**4/8 + s**3 - 1269*s**2. Give o(c).
-4
Let n be 3 - (-2 + -2 - 5)/(-1). Let m(h) = 9*h - 8. Let t(w) = -5*w + 4. Let u(s) = 6*m(s) + 11*t(s). Give u(n).
2
Let s(l) = -l**3 - 14*l**2 - 18*l - 31. Let j = -4094 - -4081. What is s(j)?
34
Suppose 18 = 6*h - 0*h. Suppose -h*v = 3*l + 34 + 2, 2*l = v - 24. Let y = l + 10. Let n(m) = -m**3 - 4*m**2 + m + 2. Calculate n(y).
-8
Let l = 9376 - 9381. Let n(p) = p**2 + 3*p + 4. Determine n(l).
14
Let z = -28863 - -28854. Let q(d) = -8*d**2 - 3*d**3 + 6*d**3 + 7*d - 4*d**3 - 11. What is q(z)?
7
Let t(i) = i**2 - 2*i + 4. Let v(n) = n**3 + 2*n**2 - 8*n - 4. Let u be v(-4). Let l = u + 2. Let f be ((-1)/((-10)/(-16)))/(l/5). Determine t(f).
12
Let u be (5/((-30)/(-9)))/((-12)/(-1824)). Suppose -18*b - b + u = 0. Let r(t) = t**2 - 11*t - 5. What is r(b)?
7
Let c(a) = -28*a + 245. Let h be c(7). Let g = 58 - h. Let t(v) = -v**2 + 7*v + 1. Give t(g).
-17
Let i(j) be the first derivative of j**7/840 - 11*j**6/360 + 7*j**5/120 + 17*j**4/12 - 34*j**3 + 214. Let b(d) be the third derivative of i(d). Give b(10).
4
Let k(p) be the second derivative of -1 + 1/3*p**3 - 7/12*p**4 + 13*p - 1/20*p**5 - 5*p**2. Calculate k(-7).
-24
Let z be -13 + (-5166)/(-399) - (-2)/38. Let q(l) = 0*l**3 - 112 + 119 + l - l**3. Determine q(z).
7
Let g(c) = -2*c**2 + 4*c + 1. Let a be (16/(-28))/((-20)/(-70)). Determine g(a).
-15
Let t(v) = 40*v - 754. Let c be 1*(-24)/(-312) + 492/26. Calculate t(c).
6
Let u(l) = -l - 1. Let i = -35 - -26. Let f = -17 - i. Let x = f - -3. Give u(x).
4
Let f = -3341 + 3346. Let p(c) = c + 1. Let i(y) = -6*y - 5. Let w(j) = -2*i(j) - 11*p(j). Determine w(f).
4
Let j(s) = -307 - 11385*s + 22813*s - 11385*s. Calculate j(7).
-6
Let j(h) be the second derivative of -4*h**3/3 + 52*h**2 + 4367*h. Give j(17).
-32
Let t(f) = 3*f - 82. Let u be t(30). Let a(c) be the first derivative of -c**2/2 + 4*c + 167. What is a(u)?
-4
Suppose 2*f = f. Let p(u) = u**3 + 3. Let t = -362 + 363. Let l(k) = 4*k**3 + 16. Let v(o) = t*l(o) - 5*p(o). What is v(f)?
1
Let o be -7 + (-7)/((-35)/20). Let j(h) = 3*h - 25. Let y(n) = 3*n - 25. Let v(k) = o*j(k) + 2*y(k). Let x be v(12). Let g(c) = c**2 + 11*c + 9. Determine g(x).
9
Let g = -182 - -185. Let i(r) = 7*r**2 + 6*r. Let q(h) = -2*h**2 + h. Let t(o) = g*q(o) + i(o). Calculate t(-4).
-20
Let j be 5/15 + (15442/6)/7. Let w = j + -375. Let k(c) = -c**2 - 10*c - 7. Calculate k(w).
14
Suppose 2*a + 2*a = 8. Suppose 4*q - 3*p - 11 = 0, -a*p = -5*q - 3*p - 10. Let w be 0/((-1)/(-1)*q). Let v(c) = c + 18. What is v(w)?
18
Let z(i) = -i**2 + 22*i - 116. Let r(s) = 5*s**2 - 185*s + 674. Let h be r(4). Determine z(h).
-4
Let w = 304 - 303. Let z(r) be the third derivative of -r**6/720 + r**5/120 + r**4/12 - r**2. Let v(j) be the second derivative of z(j). Calculate v(w).
0
Let r(s) = -68*s + 105. Let g be r(8). Let c = -434 - g. Let i(q) = q + 3. Determine i(c).
8
Let u(i) = -586*i**2 - 589*i**2 + 1759*i**2 + 7*i - 592*i**2 + 0 + i**3 - 8. What is u(7)?
-8
Let t(l) = -6*l - 1. Let h(w) = 34*w + 9. Let q(g) = -h(g) - 6*t(g). Let k = -508 + 504. Determine q(k).
-11
Let w(f) = -f - 3. Let s(y) = 35. Let x(j) = s(j) + 4*w(j). Determine x(16).
-41
Suppose 0 = 252*d - 248*d - 8. Let t(o) = 59*o**2 - 4 + 55*o**d + 3*o - 112*o**2. What is t(3)?
23
Let u(z) = -z**2 + 3*z - 5. Let v(m) = -m**2 + 4*m - 6. Let f(b) = -7*u(b) + 6*v(b). Let j(t) = -8*t - 334. Let n be j(-42). Determine f(n).
9
Let j(a) = -a**2 + 5*a. Suppose 278 - 118 = 4*r. Suppose 0 = 4*x - r + 16. Calculate j(x).
-6
Let q(i) be the second derivative of -i**5/20 - 2*i**4/3 - 13*i**3/6 + i**2/2 - i + 101. Calculate q(-2).
3
Let n(l) = -l**3 + 6*l**2 + l - 1. Suppose -15*p - 4*v + 12 = -11*p, -5*v = p - 3. Suppose p*h = w + 7, 3*h = 14 - 2. Give n(w).
29
Let